83685?
8
What is the tens digit of 5147972?
7
What is the units digit of 9610175?
5
What is the tens digit of 969556?
5
What is the thousands digit of 19796085?
6
What is the hundred thousands digit of 380956?
3
What is the thousands digit of 805788?
5
What is the hundreds digit of 6111495?
4
What is the hundreds digit of 598036?
0
What is the thousands digit of 1257637?
7
What is the tens digit of 16002432?
3
What is the hundreds digit of 84854?
8
What is the thousands digit of 8243253?
3
What is the tens digit of 104656?
5
What is the hundreds digit of 986956?
9
What is the millions digit of 3489941?
3
What is the units digit of 3082360?
0
What is the units digit of 42371?
1
What is the units digit of 5234645?
5
What is the units digit of 203457?
7
What is the hundred thousands digit of 17888919?
8
What is the tens digit of 5885430?
3
What is the tens digit of 553830?
3
What is the hundreds digit of 28735792?
7
What is the ten thousands digit of 423163?
2
What is the thousands digit of 43333?
3
What is the hundred thousands digit of 390878?
3
What is the ten thousands digit of 30360760?
6
What is the millions digit of 10904056?
0
What is the units digit of 20552224?
4
What is the millions digit of 6225855?
6
What is the tens digit of 5000495?
9
What is the hundred thousands digit of 1218634?
2
What is the hundred thousands digit of 333780?
3
What is the hundreds digit of 208139?
1
What is the hundred thousands digit of 1428627?
4
What is the units digit of 214336?
6
What is the ten millions digit of 10267894?
1
What is the hundreds digit of 3571854?
8
What is the ten thousands digit of 5144502?
4
What is the units digit of 4198836?
6
What is the ten thousands digit of 196026?
9
What is the tens digit of 40338444?
4
What is the tens digit of 328324?
2
What is the units digit of 278651?
1
What is the hundred thousands digit of 538551?
5
What is the units digit of 550824?
4
What is the hundreds digit of 189704?
7
What is the thousands digit of 723886?
3
What is the hundreds digit of 199477?
4
What is the thousands digit of 588261?
8
What is the thousands digit of 3979923?
9
What is the ten thousands digit of 282426?
8
What is the hundreds digit of 3536355?
3
What is the tens digit of 14274?
7
What is the hundreds digit of 34548?
5
What is the tens digit of 106255?
5
What is the hundreds digit of 244327?
3
What is the tens digit of 29118094?
9
What is the thousands digit of 232124?
2
What is the units digit of 699891?
1
What is the thousands digit of 394406?
4
What is the millions digit of 1079374?
1
What is the ten thousands digit of 8310636?
1
What is the hundreds digit of 536499?
4
What is the thousands digit of 170665?
0
What is the ten millions digit of 20674276?
2
What is the thousands digit of 556044?
6
What is the millions digit of 7224629?
7
What is the units digit of 62878?
8
What is the tens digit of 522438?
3
What is the hundred thousands digit of 3151251?
1
What is the hundreds digit of 663482?
4
What is the tens digit of 726362?
6
What is the thousands digit of 2092805?
2
What is the ten thousands digit of 1477899?
7
What is the units digit of 7070965?
5
What is the thousands digit of 9222548?
2
What is the units digit of 387828?
8
What is the hundreds digit of 3440361?
3
What is the ten thousands digit of 168951?
6
What is the units digit of 1036655?
5
What is the ten thousands digit of 206446?
0
What is the tens digit of 869139?
3
What is the ten thousands digit of 1087745?
8
What is the thousands digit of 116341?
6
What is the tens digit of 238500?
0
What is the thousands digit of 27806?
7
What is the tens digit of 2954113?
1
What is the ten thousands digit of 2395565?
9
What is the thousands digit of 11615573?
5
What is the hundreds digit of 131396?
3
What is the thousands digit of 1993285?
3
What is the hundred thousands digit of 1066356?
0
What is the ten thousands digit of 6856510?
5
What is the tens digit of 259777?
7
What is the ten millions digit of 11846471?
1
What is the hundred thousands digit of 7575972?
5
What is the ten thousands digit of 96640?
9
What is the tens digit of 3236508?
0
What is the ten millions digit of 26555393?
2
What is the hundreds digit of 202017?
0
What is the thousands digit of 13806305?
6
What is the thousands digit of 3216711?
6
What is the units digit of 407680?
0
What is the ten millions digit of 12624254?
1
What is the tens digit of 742403?
0
What is the hundreds digit of 2049139?
1
What is the hundred thousands digit of 22709239?
7
What is the tens digit of 613647?
4
What is the hundred thousands digit of 1486965?
4
What is the hundreds digit of 228197?
1
What is the ten thousands digit of 1942728?
4
What is the hundred thousands digit of 1422552?
4
What is the ten thousands digit of 83418?
8
What is the hundred thousands digit of 11738519?
7
What is the hundred thousands digit of 203230?
2
What is the thousands digit of 3070698?
0
What is the units digit of 6852995?
5
What is the hundred thousands digit of 327625?
3
What is the millions digit of 1112655?
1
What is the ten thousands digit of 261356?
6
What is the ten thousands digit of 28047?
2
What is the tens digit of 1192044?
4
What is the ten thousands digit of 520642?
2
What is the hundreds digit of 172667?
6
What is the ten thousands digit of 136839?
3
What is the hundreds digit of 176717?
7
What is the ten thousands digit of 8795374?
9
What is the thousands digit of 4171493?
1
What is the ten thousands digit of 7481786?
8
What is the thousands digit of 29479874?
9
What is the hundreds digit of 9805672?
6
What is the tens digit of 376427?
2
What is the hundred thousands digit of 1433246?
4
What is the tens digit of 565690?
9
What is the units digit of 2157655?
5
What is the thousands digit of 219656?
9
What is the units digit of 1487894?
4
What is the ten millions digit of 15862891?
1
What is the ten thousands digit of 5234094?
3
What is the hundreds digit of 455653?
6
What is the thousands digit of 3503444?
3
What is the tens digit of 1129718?
1
What is the hundreds digit of 535877?
8
What is the tens digit of 212543?
4
What is the units digit of 77407?
7
What is the ten thousands digit of 249560?
4
What is the hundreds digit of 843868?
8
What is the hundreds digit of 1937015?
0
What is the ten thousands digit of 352487?
5
What is the ten thousands digit of 510221?
1
What is the hundred thousands digit of 667529?
6
What is the hundred thousands digit of 12435424?
4
What is the tens digit of 1141566?
6
What is the hundred thousands digit of 160193?
1
What is the millions digit of 8726634?
8
What is the millions digit of 2719670?
2
What is the ten thousands digit of 2489331?
8
What is the thousands digit of 22854958?
4
What is the units digit of 29676436?
6
What is the ten thousands digit of 16345799?
4
What is the hundreds digit of 128363?
3
What is the thousands digit of 268070?
8
What is the hundreds digit of 94558?
5
What is the tens digit of 12436870?
7
What is the hundreds digit of 4626638?
6
What is the units digit of 2778939?
9
What is the hundred thousands digit of 6246343?
2
What is the ten thousands digit of 742434?
4
What is the tens digit of 838679?
7
What is the tens digit of 4763463?
6
What is the thousands digit of 210942?
0
What is the hundred thousands digit of 2850562?
8
What is the thousands digit of 2579214?
9
What is the tens digit of 1713234?
3
What is the hundreds digit of 502448?
4
What is the thousands digit of 6587811?
7
What is the millions digit of 1795309?
1
What is the tens digit of 23588018?
1
What is the thousands digit of 291093?
1
What is the hundred thousands digit of 1632842?
6
What is the hundred thousands digit of 153218?
1
What is the tens digit of 1704147?
4
What is the ten millions digit of 10655589?
1
What is the thousands digit of 3429965?
9
What is the hundred thousands digit of 109363?
1
What is the tens digit of 305847?
4
What is the hundreds digit of 12504856?
8
What is the hundreds digit of 1819294?
2
What is the tens digit of 1323900?
0
What is the hundreds digit of 12577696?
6
What is the units digit of 27251541?
1
What is the hundred thousands digit of 310908?
3
What is the hundreds digit of 7196174?
1
What is the tens digit of 659476?
7
What is the hundreds digit of 784623?
6
W